e the remainder when 394 is divided by 40.
34
Calculate the remainder when 1002 is divided by 34.
16
What is the remainder when 752 is divided by 42?
38
Calculate the remainder when 325 is divided by 23.
3
Calculate the remainder when 202 is divided by 23.
18
What is the remainder when 160 is divided by 54?
52
Calculate the remainder when 139 is divided by 125.
14
What is the remainder when 804 is divided by 136?
124
Calculate the remainder when 82 is divided by 15.
7
Calculate the remainder when 30 is divided by 21.
9
What is the remainder when 372 is divided by 156?
60
What is the remainder when 1814 is divided by 601?
11
Calculate the remainder when 502 is divided by 9.
7
What is the remainder when 763 is divided by 94?
11
Calculate the remainder when 1186 is divided by 235.
11
Calculate the remainder when 104 is divided by 21.
20
Calculate the remainder when 829 is divided by 104.
101
Calculate the remainder when 1218 is divided by 23.
22
Calculate the remainder when 289 is divided by 21.
16
What is the remainder when 1003 is divided by 53?
49
Calculate the remainder when 122 is divided by 56.
10
Calculate the remainder when 260 is divided by 67.
59
What is the remainder when 45476 is divided by 9?
8
Calculate the remainder when 142 is divided by 52.
38
What is the remainder when 1737 is divided by 145?
142
Calculate the remainder when 627 is divided by 624.
3
Calculate the remainder when 13405 is divided by 149.
144
What is the remainder when 58 is divided by 41?
17
What is the remainder when 15 is divided by 15?
0
What is the remainder when 675 is divided by 100?
75
Calculate the remainder when 2400 is divided by 73.
64
What is the remainder when 173 is divided by 44?
41
Calculate the remainder when 158 is divided by 23.
20
What is the remainder when 4289 is divided by 39?
38
Calculate the remainder when 109 is divided by 16.
13
What is the remainder when 763 is divided by 51?
49
What is the remainder when 143 is divided by 36?
35
What is the remainder when 330 is divided by 67?
62
What is the remainder when 1534 is divided by 44?
38
Calculate the remainder when 156 is divided by 53.
50
Calculate the remainder when 1608 is divided by 35.
33
Calculate the remainder when 1261 is divided by 126.
1
What is the remainder when 22 is divided by 14?
8
What is the remainder when 130 is divided by 34?
28
What is the remainder when 326 is divided by 155?
16
What is the remainder when 13 is divided by 4?
1
Calculate the remainder when 2571 is divided by 21.
9
Calculate the remainder when 646 is divided by 212.
10
What is the remainder when 2267 is divided by 34?
23
Calculate the remainder when 492 is divided by 162.
6
What is the remainder when 2104 is divided by 57?
52
What is the remainder when 1542 is divided by 4?
2
Calculate the remainder when 3853 is divided by 67.
34
What is the remainder when 2158 is divided by 179?
10
What is the remainder when 938 is divided by 158?
148
What is the remainder when 659 is divided by 15?
14
What is the remainder when 205 is divided by 95?
15
Calculate the remainder when 7 is divided by 3.
1
Calculate the remainder when 858 is divided by 86.
84
Calculate the remainder when 124 is divided by 41.
1
What is the remainder when 267 is divided by 44?
3
Calculate the remainder when 218 is divided by 74.
70
What is the remainder when 397 is divided by 67?
62
Calculate the remainder when 244 is divided by 82.
80
Calculate the remainder when 458 is divided by 21.
17
Calculate the remainder when 396 is divided by 54.
18
What is the remainder when 2271 is divided by 21?
3
Calculate the remainder when 354 is divided by 121.
112
What is the remainder when 167 is divided by 21?
20
What is the remainder when 7417 is divided by 20?
17
What is the remainder when 2301 is divided by 32?
29
Calculate the remainder when 2201 is divided by 69.
62
Calculate the remainder when 186 is divided by 64.
58
Calculate the remainder when 236 is divided by 40.
36
Calculate the remainder when 3865 is divided by 149.
140
Calculate the remainder when 1012 is divided by 113.
108
What is the remainder when 1053 is divided by 17?
16
Calculate the remainder when 5186 is divided by 23.
11
Calculate the remainder when 418 is divided by 84.
82
What is the remainder when 34775 is divided by 69?
68
Calculate the remainder when 657 is divided by 171.
144
What is the remainder when 335 is divided by 56?
55
What is the remainder when 456 is divided by 17?
14
What is the remainder when 121 is divided by 22?
11
What is the remainder when 428 is divided by 86?
84
What is the remainder when 7877 is divided by 78?
77
Calculate the remainder when 1625 is divided by 271.
270
What is the remainder when 95 is divided by 3?
2
What is the remainder when 402 is divided by 122?
36
What is the remainder when 1196 is divided by 317?
245
Calculate the remainder when 5736 is divided by 174.
168
What is the remainder when 2127 is divided by 188?
59
What is the remainder when 64 is divided by 58?
6
What is the remainder when 435 is divided by 19?
17
Calculate the remainder when 758 is divided by 101.
51
What is the remainder when 69 is divided by 18?
15
Calculate the remainder when 1033 is divided by 37.
34
Calculate the remainder when 1135 is divided by 60.
55
What is the remainder when 764 is divided by 32?
28
Calculate the remainder when 259 is divided by 22.
17
What is the remainder when 32 is divided by 29?
3
Calculate the remainder when 661 is divided by 116.
81
What is the remainder when 98 is divided by 31?
5
Calculate the remainder when 90 is divided by 25.
15
What is the remainder when 219 is divided by 20?
19
What is the remainder when 2859 is divided by 712?
11
What is the remainder when 989 is divided by 45?
44
What is the remainder when 370 is divided by 75?
70
What is the remainder when 3217 is divided by 115?
112
Calculate the remainder when 4863 is divided by 76.
75
What is the remainder when 388 is divided by 49?
45
Calculate the remainder when 2644 is divided by 106.
100
What is the remainder when 717 is divided by 36?
33
What is the remainder when 1390 is divided by 93?
88
What is the remainder when 18580 is divided by 23?
19
Calculate the remainder when 72 is divided by 10.
2
What is the remainder when 64 is divided by 22?
20
Calculate the remainder when 564 is divided by 142.
138
Calculate the remainder when 6711 is divided by 168.
159
What is the remainder when 141 is divided by 24?
21
Calculate the remainder when 421 is divided by 53.
50
What is the remainder when 102 is divided by 39?
24
What is the remainder when 330 is divided by 17?
7
What is the remainder when 6334 is divided by 19?
7
What is the remainder when 247 is divided by 1?
0
What is the remainder when 72 is divided by 5?
2
Calculate the remainder when 608 is divided by 51.
47
What is the remainder when 75 is divided by 11?
9
Calculate the remainder when 146 is divided by 81.
65
Calculate the remainder when 558 is divided by 266.
26
Calculate the remainder when 760 is divided by 109.
106
What is the remainder when 192 is divided by 15?
12
What is the remainder when 19 is divided by 5?
4
What is the remainder when 898 is divided by 9?
7
What is the remainder when 81 is divided by 17?
13
Calculate the remainder when 449 is divided by 50.
49
What is the remainder when 186 is divided by 32?
26
What is the remainder when 11607 is divided by 129?
126
Calculate the remainder when 23355 is divided by 73.
68
What is the remainder when 823 is divided by 66?
31
What is the remainder when 3220 is divided by 156?
100
Calculate the remainder when 598 is divided by 62.
40
What is the remainder when 9981 is divided by 32?
29
What is the remainder when 79 is divided by 8?
7
What is the remainder when 6724 is divided by 217?
214
What is the remainder when 36 is divided by 19?
17
What is the remainder when 2175 is divided by 721?
12
Calculate the remainder when 102 is divided by 5.
2
Calculate the remainder when 100 is divided by 53.
47
What is the remainder when 218 is divided by 131?
87
What is the remainder when 78 is divided by 29?
20
Calculate the remainder when 685 is divided by 95.
20
What is the remainder when 109 is divided by 8?
5
Calculate the remainder when 130 is divided by 11.
9
Calculate t